e
Is 3235971 a composite number?
True
Is 2806751 prime?
False
Is 206172133 a composite number?
False
Is 4580119 prime?
False
Is 8824997 a composite number?
False
Is 7813933 composite?
True
Is 4492603 a prime number?
True
Is 354900847 prime?
False
Is 139050251 a composite number?
False
Is 28774121 prime?
True
Is 297373 a composite number?
True
Is 1887461 a prime number?
False
Is 47964811 prime?
False
Is 1318459 prime?
True
Is 7771279 prime?
False
Is 3101801 composite?
True
Is 137742791 composite?
True
Is 32456419 composite?
True
Is 102729721 a composite number?
False
Is 3708683 a composite number?
True
Is 16469601 composite?
True
Is 97900799 a composite number?
False
Is 22286491 a prime number?
True
Is 89992601 a prime number?
True
Is 70976441 a composite number?
True
Is 2342447 prime?
False
Is 196963867 a prime number?
False
Is 158863 a composite number?
False
Is 52451627 a composite number?
False
Is 1502833 a prime number?
False
Is 2569531 composite?
True
Is 2600539 prime?
False
Is 20741 composite?
True
Is 10638457 a composite number?
False
Is 23833781 composite?
False
Is 12020249 prime?
True
Is 17514227 composite?
True
Is 65313191 a prime number?
False
Is 19070237 a prime number?
True
Is 152087633 a composite number?
False
Is 118117007 a composite number?
True
Is 33895387 composite?
False
Is 275933 a prime number?
False
Is 79752161 prime?
True
Is 4321981 composite?
False
Is 129436585 a prime number?
False
Is 19305519 composite?
True
Is 4594339 a composite number?
True
Is 111221777 composite?
False
Is 23731 a composite number?
True
Is 39384179 composite?
True
Is 1230571 composite?
False
Is 908161 composite?
True
Is 3305873 a composite number?
False
Is 1059601 prime?
False
Is 11648761 a composite number?
True
Is 51986309 a prime number?
True
Is 719698079 composite?
False
Is 617147 prime?
True
Is 318995189 a prime number?
True
Is 40801393 a prime number?
True
Is 10504201 prime?
False
Is 1672805 composite?
True
Is 54613609 composite?
False
Is 435101317 a prime number?
False
Is 1205791 composite?
True
Is 9117917 prime?
True
Is 2954977 a composite number?
False
Is 68711 prime?
True
Is 2280439 prime?
False
Is 88249693 a composite number?
True
Is 22799681 prime?
False
Is 165143 a prime number?
False
Is 49649255 a prime number?
False
Is 305372335 prime?
False
Is 13172129 a prime number?
False
Is 4519589 a prime number?
True
Is 5296987 prime?
True
Is 135026473 a composite number?
True
Is 467329 composite?
False
Is 9537673 a prime number?
True
Is 2380547 a prime number?
False
Is 1194433 a prime number?
False
Is 30610549 prime?
False
Is 9689821 composite?
True
Is 1078954187 composite?
True
Is 2685253 composite?
True
Is 6822269 composite?
False
Is 1337801 prime?
True
Is 6239161 a composite number?
True
Is 162110407 a prime number?
False
Is 49010198 a prime number?
False
Is 3241699 a prime number?
True
Is 15758957 a prime number?
False
Is 573047 composite?
False
Is 207095563 a composite number?
True
Is 38806549 composite?
False
Is 259291171 prime?
False
Is 1986497 a composite number?
False
Is 36174971 a composite number?
True
Is 6412739 a composite number?
False
Is 1183699 composite?
True
Is 4272347 prime?
False
Is 133705823 prime?
True
Is 79519223 prime?
False
Is 1254751 prime?
True
Is 900139 a prime number?
True
Is 3568853 a composite number?
False
Is 115467809 prime?
True
Is 6688991 composite?
True
Is 7227667 a composite number?
False
Is 107228431 a composite number?
False
Is 55090159 a composite number?
False
Is 17599193 prime?
True
Is 1229539 composite?
True
Is 18198683 composite?
False
Is 1801967 composite?
False
Is 17952143 prime?
False
Is 27595507 composite?
False
Is 2315465 composite?
True
Is 5518057 composite?
True
Is 6626533 composite?
True
Is 65053787 prime?
True
Is 20442911 a prime number?
False
Is 34470757 composite?
False
Is 1097533 composite?
False
Is 67959611 prime?
True
Is 174188639 a composite number?
False
Is 38261393 a composite number?
False
Is 2131979 a prime number?
True
Is 10743263 composite?
False
Is 7153813 a prime number?
False
Is 2478101 prime?
True
Is 47053813 a composite number?
False
Is 33938977 a composite number?
False
Is 158993831 prime?
False
Is 31870687 prime?
True
Is 566077091 composite?
False
Is 33545489 prime?
False
Is 62415251 a prime number?
False
Is 52274809 a prime number?
False
Is 60319577 a prime number?
True
Is 199486991 a composite number?
True
Is 2296379 composite?
True
Is 23331047 a composite number?
False
Is 29181259 prime?
False
Is 976357087 a prime number?
True
Is 20688751 composite?
False
Is 38033 prime?
False
Is 3790621 prime?
True
Is 129461509 a prime number?
True
Is 108431047 a composite number?
False
Is 91620827 composite?
False
Is 27098957 a composite number?
True
Is 23225197 prime?
False
Is 502573 composite?
True
Is 15324893 composite?
False
Is 41374093 composite?
False
Is 42322121 a composite number?
True
Is 27919103 a composite number?
True
Is 103336969 prime?
False
Is 406859 composite?
False
Is 218451749 a prime number?
False
Is 315539429 a prime number?
True
Is 685210063 composite?
False
Is 5740663 a composite number?
False
Is 2280121 a composite number?
True
Is 2194133 prime?
True
Is 2023603 composite?
False
Is 1866143 composite?
False
Is 575219 a prime number?
True
Is 4653947 composite?
True
Is 2961493 prime?
False
Is 448673837 composite?
False
Is 16963087 composite?
False
Is 20536471 composite?
False
Is 24960073 a composite number?
False
Is 10353173 composite?
True
Is 1501097 prime?
False
Is 4106623 composite?
True
Is 15235205 a prime number?
False
Is 2078051 composite?
False
Is 16765783 prime?
True
Is 10507877 prime?
True
Is 4439167 a composite number?
False
Is 105966787 prime?
True
Is 12101837 composite?
True
Is 5577959 a composite number?
False
Is 67481053 a prime number?
True
Is 15010735 a prime number?
False
Is 9355523 a composite number?
True
Is 1782043 composite?
False
Is 55410683 composite?
False
Is 8504887 a prime number?
True
Is 12208871 composite?
False
Is 3312347 a composite number?
False
Is 12056327 prime?
True
Is 1066421 a prime number?
False
Is 7062479 a composite number?
False
Is 28513801 composite?
False
Is 1340077 a prime number?
False
Is 316122617 a prime number?
False
Is 1817233 composite?
True
Is 2682697 prime?
False
Is 14182342 prime?
False
Is 26667497 a prime number?
True
Is 6444827 composite?
False
Is 1623901 composite?
False
Is 3561695 prime?
False
Is 50163391 composite?
True
Is 32493491 composite?
False
Is 167959481 a prime number?
True
Is 242014 a prime number?
False
Is 2416807 composite?
False
Is 121693821 a prime number?
False
Is 2260777 prime?
False
Is 88553 composite?
True
Is 35707307 prime?
True
Is 80784199 prime?
True
Is 9617561 prime?
True
Is 1254341 a prime number?
False
Is 25469095 composite?
True
Is 21347363 composite?
False
Is 6075847 a composite number?
False
Is 39068342 a composite number?
True
Is 660181 composite?
False
Is 332187539 composite?
False
Is 23381485 a prime number?
False
Is 2271809 composite?
True
Is 7179521 a composite number?
False
Is 122249011 prime?
False
Is 2663779 prime?
True
Is 6409849 prime?
True
Is 598406243 prime?
True
Is 3675733 a prime number?
True
Is 2995973 a composite number?
False
Is 1745137 a composite number?
False
Is 4209097 prime?
True
Is 78522833 prime?
False
Is 5281403 a prime number?
True
Is 762101 composite?
False
Is 2648231 prime?
False
Is 12004627 a composite number?
False
Is 2504387 composite?
True
Is 16822137 composite?
True
Is 63539941 composite?
True
Is 226270951 a prime number?
True
Is 361787 a composite number?
False
Is 22241519 prime?
True
Is 25343423 prime?
False
Is 68276059 a composite number?
False
Is 2111491 composite?
False
Is 377873 composite?
False
Is 1249357 prime?
False
Is 56880683 a prime number?
True
Is 1757257 a prime number?
True
Is 91684091 a composite number?
False
Is 6354133 composite?
False
Is 13830527 a composite number?
False
Is 101201 composite?
True
Is 1897187 a composite number?
True
Is 5729758 a composite number?
True
Is 684039529 composite?
False
Is 115721 a composite number?
True
Is 53823047 prime?
True
Is 21861691 prime?
False
Is 4418003 composite?
True
Is 565087613 prime?
True
Is 483343483 composite?
True
Is 613663 a composite number?
True
Is 297597857 a prime number?
True
